25 = -2*t, 3*j - h - 60 = 5*t. What is the tens digit of j?
2
Suppose -6076 = -o - 4*f, 2*o - 4241 = 5*f + 7846. What is the units digit of o?
6
Let d(x) = -11*x + 98. Let z be d(21). Let s = z - -192. What is the units digit of s?
9
Suppose 5*n - 3*r = 253254, 14*n = 15*n + 2*r - 50656. What is the tens digit of n?
5
Suppose 0 = -13*k + 23467 + 18653. What is the units digit of k?
0
Let d = 85 - 83. What is the units digit of (-14 + 52)*29/d?
1
Let p = 88 - 71. Suppose p*j - 4*j - 572 = 0. Let y = 153 - j. What is the hundreds digit of y?
1
Let i(z) = 3*z**3 - 21*z**2 + 4*z - 11. Let h be i(10). Let m = h + -846. What is the tens digit of m?
8
Let h be 105 - (1/2 - 37/74). What is the tens digit of h/3*(-1 - (-142)/5)?
5
Suppose 12*z - 8*z + 119839 = 5*m - 62611, 0 = z. What is the tens digit of m?
9
Let u be (2 - 2) + 238 + 10. Suppose -5*d - u = -t, 76 - 330 = -t + 2*d. What is the units digit of t?
8
Let q = -2936 + 12033. What is the hundreds digit of q?
0
Let w be 8/24 + (-168)/(-9). Suppose 18*z + 375 = w*z. What is the units digit of z?
5
Let d(k) = k**2 + 12*k + 18. Suppose 4*p + 12 = -32. Let i be d(p). Suppose 3*o - 72 = -2*x, -x = 4*o - 38 + i. What is the units digit of x?
9
Let w = 127 + -189. Let r = 64 + w. Suppose 2*o - j + r = o, 0 = -2*o - j + 8. What is the units digit of o?
2
Let m(n) = n**2 + 17*n + 49. Let s be m(-15). Let u(w) = -s*w - 2 + 41*w - 3*w**2 + 6*w**3 - 23*w. What is the units digit of u(3)?
0
Let b be (-1910)/(-4) + 21/(-6) + 4. Let j = b + -244. What is the hundreds digit of j?
2
Let d(y) = -y**3 - 14*y**2 - 34*y - 30. Suppose 0 = -5*b + 7*b - h + 28, -4*b + 5*h = 44. What is the thousands digit of d(b)?
1
Let t = -325 + 1302. Let i = -581 + t. What is the tens digit of i?
9
Let z(k) = -23*k - 15. Let y = 63 - 63. Suppose 3*g = -2*l + 7, 5*l - 5*g + 45 = -y*g. What is the tens digit of z(l)?
7
Let p = -1785 + 2561. Let w = -372 + p. Suppose -316 = -2*r - 2*r + 4*m, w = 5*r + 4*m. What is the units digit of r?
0
Let g(k) = -35*k**3 + 6*k**2 - 3*k + 2. Let u = 503 - 506. What is the tens digit of g(u)?
1
Suppose 28*s - 25 = 23*s. Suppose s*h - 2328 = -3*v + 355, -4*v = 2*h - 1062. What is the hundreds digit of h?
5
Suppose 0 = -5*l - 3*a + 159129, -15087 = -l - 3*a + 16746. Suppose -10*d = 16*d - l. What is the hundreds digit of d?
2
Suppose -287262 = -22*c + 96154. Suppose -16*q + 860 = -c. What is the thousands digit of q?
1
Suppose -23*d + 189613 = 14077. What is the units digit of d?
2
Suppose -52*f + 72*f + 3833644 = 94*f. What is the ten thousands digit of f?
5
Let b be 40/1*75/(-36)*-3. What is the tens digit of 0 - ((-34)/68)/(1/b)?
2
Suppose -n - 5*f + 46 = 0, -3*n + 2*f + 74 = f. Suppose 2*m + 2 = -n. Let k(u) = -6*u - 32. What is the tens digit of k(m)?
5
Let p = 6934 + -4527. What is the units digit of p?
7
Suppose 0 = 5*s + j - 5486, 5*j - 4134 + 838 = -3*s. Let a = s - 776. What is the units digit of a?
1
Let v(l) = 387*l**2 - 12*l + 36. Let a be v(4). Suppose d + a = 13*d. What is the hundreds digit of d?
5
Let c(m) = -144*m - 53. Let f be (-74)/185 + (-36)/10. What is the hundreds digit of c(f)?
5
Let g = 306 + -288. What is the hundreds digit of g/(-63) + 17536/28?
6
Let s(t) = 23*t - 21. Let m be ((-6)/9)/1 - (-30)/(-9). Let x(o) = -11*o + 10. Let c(j) = m*s(j) - 9*x(j). What is the tens digit of c(10)?
6
Let d be (1 + -6 + -6 + 7)*-1. Suppose 0 = -4*s + d*v - 2704, 3*s + 632 = v - 1392. What is the units digit of s/(-10) + 3/5?
8
Suppose -2*s - 4*g - 13 = -3, 0 = 4*s + 3*g - 5. Suppose -3*u + 3*k = -144, -s*k + 182 = 4*u - 28. What is the units digit of u?
0
Suppose i = 6*i + 2*o - 2, 0 = -5*i - 3*o + 3. What is the hundreds digit of -2 + i + 426/3?
1
Suppose -108 = -2*b + 262. Let t be (-136)/(-36) + (-20)/(-90). Suppose 3*h + 181 = 2*m, -2*m = -t*m - h + b. What is the tens digit of m?
9
Let o = -15920 + 26946. What is the thousands digit of o?
1
Let g be 0 - (32/(-20) - -2)*-5. Suppose -g*r + 2518 = 2*l, -6*r - 2*l + 5030 = -2*r. What is the tens digit of r?
5
Suppose 661196 + 713403 = 109*p. What is the units digit of p?
1
What is the hundreds digit of -6 + (0 - -4 - -11513)*(-20)/(-15)?
3
Let f(z) = 3*z**2 + 62*z + 16. Let l be f(16). Let r = 2536 - l. What is the units digit of r?
0
Let m(d) = 202*d + 584. What is the hundreds digit of m(21)?
8
Let z(t) be the second derivative of 0*t**2 + 1/6*t**4 + 3/10*t**5 + 2/3*t**3 + 52*t + 0. What is the tens digit of z(3)?
9
Let h(d) = 5*d**2 - 250*d + 139. What is the thousands digit of h(56)?
1
Let n = -3903 - -28347. What is the ten thousands digit of n?
2
Let n be 2 + (-7)/21 + (-4)/(-3). Suppose 3*a - n*q = 3558, -2*q = 4*a - 0*q - 4738. What is the hundreds digit of a?
1
Suppose 0 = -5*r - 14 + 29. What is the hundreds digit of r/(36/(-1672))*(3 + -6)?
4
Let t(v) = v**3 - 4*v**2 + 9*v - 712. What is the tens digit of t(22)?
9
Suppose -v - 6171 - 218956 = -4*s, 4*v - 225152 = -4*s. What is the ten thousands digit of s?
5
Let a = 147 - 142. Let o(k) = 31*k - 25. Let y(c) = 16*c - 13. Let u(i) = 4*o(i) - 7*y(i). What is the tens digit of u(a)?
5
What is the units digit of (-3*(-8 - 50/(-6)) + 79)*200?
0
Let g(o) = -6*o**2 - 13 + 3*o**2 - 7*o + 4*o**2. Let x be g(-6). Suppose 9*i - x = 4*i. What is the tens digit of i?
1
Let q(w) = -86 - 5*w**2 - 80 - 29*w**2 + 171 - 18*w + 2*w**3. What is the units digit of q(18)?
9
Suppose -55*q - 18*q = 31*q - 1272648. What is the tens digit of q?
3
Let f(z) be the third derivative of z**6/120 + z**5/60 - 7*z**4/24 - 2*z**3/3 + 4*z**2. Let t be (-165)/(-33) + (-3 - 0)/(-3). What is the tens digit of f(t)?
0
Suppose 0 = 10*m - 118819 - 68101. Suppose 11*g - m = -2687. What is the hundreds digit of g?
4
Let q = 22 - 0. Suppose 0 = q*o - 3330 - 762. What is the units digit of o?
6
Let m(w) = 117*w**3 - 10*w**2 + 20*w + 34. What is the thousands digit of m(5)?
4
Let j(q) be the third derivative of -7*q**4/24 - 5*q**3/3 + q**2 - 16*q. Let t(c) = -c**3 + c**2 + c + 3. Let d be t(3). What is the tens digit of j(d)?
7
Suppose -40*u + 894995 + 558445 = 0. What is the ten thousands digit of u?
3
Suppose 5*h - 71746 = -4*j, 0 = 19*h - 20*h - 2*j + 14342. What is the ten thousands digit of h?
1
Let w = 1635 + -757. Let s = 590 - w. Let n = s - -521. What is the hundreds digit of n?
2
Suppose 30 = 15*z - 0. Suppose -4*s = -2*n + 372 + 338, z*n - 728 = -5*s. Let o = -243 + n. What is the hundreds digit of o?
1
Let b(x) = 3*x. Let n be b(5). Suppose 18*p - n*p - 15 = 0. Suppose 5*t = 3*t + s + 11, 0 = 3*t + p*s - 10. What is the units digit of t?
5
Suppose x - 29*x = -84. Suppose 4*w + x*z = -0*z + 514, 2*z = -5*w + 646. What is the tens digit of w?
3
Let h be (-11 + 13)/((-4)/(-38) + (-2656)/22344). Suppose 0 = -5*i - 129 - 31. Let c = i - h. What is the tens digit of c?
1
What is the thousands digit of 53/212 - (-27351)/4?
6
Suppose -5*u + 194983 = 4*j, u = 5*j + 38334 - 282012. What is the units digit of j?
7
Let d = -55 + 62. Let i(o) = 62*o - 18. What is the units digit of i(d)?
6
Let y(t) be the first derivative of 15/2*t**2 + 19*t + 17. What is the tens digit of y(4)?
7
Let v(t) = -t**2 - 4*t + 1. Let j be v(-5). Let d(n) = 6*n + 8. Let w be d(j). What is the tens digit of (171/(-6))/(12/w)?
3
Let k(c) = -2*c**3 + 20*c**2 + c - 10. Let i be k(10). Suppose 3683 = -6*d + 10*d + s, i = 2*d - 3*s - 1859. What is the tens digit of d?
2
Let s(h) be the third derivative of 0 + 21*h**2 + 0*h - 1/15*h**5 - 7/12*h**4 - 1/120*h**6 - h**3. What is the units digit of s(-6)?
0
Let s(b) = 2*b + 17. Let f be s(5). Let p = -25 + f. What is the units digit of 988/4 - (p - 5)?
0
Let b be 256 + -5 - (7 - -1). Let a = b + -204. What is the units digit of a?
9
Suppose 5 = -3*p - 25. Let h be p/(-100) + 1058/20. Suppose -2*m + h = -119. What is the tens digit of m?
8
Suppose 0 = -5*l - 2*h + 5, l - 3*h - 3 = -19. What is the hundreds digit of -1 + 1668 + (l*1 - 4)?
6
Let r be 2 - -1 - 14/((-126)/(-4995)). Let n = 981 + r. What is the tens digit of n?
2
Let q(l) = 3733*l - 941. What is the hundreds digit of q(10)?
3
Let k = -1196 + 6691. What is the units digit of k?
5
Let n(q) = 854*q + 515. What is the hundreds digit of n(8)?
3
Let r be -2 + (23997 - 0)/((-57)/(-38)). Suppose r = 45*v - 2*v. What is the tens digit of v?
7
Let q =